{"id":6450,"date":"2024-01-29T09:36:06","date_gmt":"2024-01-29T08:36:06","guid":{"rendered":"https:\/\/www.viving.fr\/lorient\/?page_id=6450"},"modified":"2025-04-29T14:05:42","modified_gmt":"2025-04-29T12:05:42","slug":"profil-lucie-guellec","status":"publish","type":"page","link":"https:\/\/www.viving.fr\/lorient\/animations\/profil-lucie-guellec\/","title":{"rendered":"Profil Lucie Guellec"},"content":{"rendered":"<section class=\"wpb-content-wrapper\">[vc_row el_class=\u00a0\u00bbdesktop_padding_extra_large\u00a0\u00bb][vc_column][vc_empty_space height=\u00a0\u00bb90px\u00a0\u00bb][vc_row_inner equal_height=\u00a0\u00bbyes\u00a0\u00bb][vc_column_inner width=\u00a0\u00bb1\/4&Prime; css=\u00a0\u00bb.vc_custom_1562755849630{border-right-width: 2px !important;border-right-color: #276685 !important;border-right-style: solid !important;}\u00a0\u00bb][vc_single_image image=\u00a0\u00bb7807&Prime; img_size=\u00a0\u00bb400&Prime; alignment=\u00a0\u00bbright\u00a0\u00bb][vc_empty_space height=\u00a0\u00bb10px\u00a0\u00bb][\/vc_column_inner][vc_column_inner width=\u00a0\u00bb3\/4&Prime; offset=\u00a0\u00bbvc_col-xs-12&Prime; css=\u00a0\u00bb.vc_custom_1560937452421{padding-left: 25px !important;}\u00a0\u00bb][vc_column_text]\n<h2>Lucie Guellec<\/h2>\n[\/vc_column_text][vc_empty_space height=\u00a0\u00bb20px\u00a0\u00bb][vc_column_text]<em>Architecte d&rsquo;int\u00e9rieur\u00a0<\/em><\/p>\n<p>Anim\u00e9e par un profond go\u00fbt des mati\u00e8res et mat\u00e9riaux de qualit\u00e9, un sens aiguis\u00e9 de l\u2019optimisation de l\u2019espace, une qu\u00eate incessante de nouvelles solutions, l\u2019architecture d\u2019int\u00e9rieur s\u2019est impos\u00e9e \u00e0 moi comme le moyen d\u2019exprimer ma cr\u00e9ativit\u00e9.<\/p>\n<p>Dipl\u00f4m\u00e9e en Design d\u2019espaces et d\u00e9coration int\u00e9rieure, je mobilise aujourd\u2019hui diverses comp\u00e9tences acquises au cours de mes vies professionnelle et personnelle pour vous offrir un accompagnement personnalis\u00e9 bas\u00e9 sur l\u2019\u00e9coute et la confiance, une v\u00e9ritable analyse de votre situation et un cadre rigoureux pour la bonne r\u00e9alisation et le suivi de vos projets.<\/p>\n<p>Agencement, am\u00e9nagement, d\u00e9coration, solutions et mobilier sur-mesure, je mets mon expertise \u00e0 votre disposition pour faire de vos espaces des lieux o\u00f9 l\u2019on se sent bien et adapt\u00e9s \u00e0 vos modes de vie.<\/p>\n<p>Ne pas craindre de sortir des sentiers battus, de penser en dehors du cadre ou de surprendre quand c\u2019est n\u00e9cessaire et mon ouverture d\u2019esprit me permettent \u00e9galement de vous proposer des concepts uniques, flexibles et r\u00e9pondant \u00e0 vos envies, besoins et contraintes.<\/p>\n<p>Il n\u2019existe jamais qu\u2019une seule solution, mais je serai \u00e0 vos c\u00f4t\u00e9s \u00e0 toutes les \u00e9tapes de votre projet pour vous aider, vous guider et vous conseiller afin de d\u00e9finir la meilleure solution pour vous, celle qui vous ressemble et vous correspond.<\/p>\n<p>N\u2019h\u00e9sitez pas \u00e0 me contacter ou \u00e0 venir me rendre visite sur le salon afin de faire connaissance et d\u2019\u00e9changer sur votre projet !<\/p>\n<p>A bient\u00f4t ![\/vc_column_text][vc_empty_space height=\u00a0\u00bb15px\u00a0\u00bb][\/vc_column_inner][\/vc_row_inner][vc_empty_space height=\u00a0\u00bb30px\u00a0\u00bb][vc_text_separator title=\u00a0\u00bbR\u00e9alisations\u00a0\u00bb][vc_empty_space height=\u00a0\u00bb30px\u00a0\u00bb][vc_row_inner][vc_column_inner width=\u00a0\u00bb1\/4&Prime;][vc_single_image image=\u00a0\u00bb7540&Prime; img_size=\u00a0\u00bb300&Prime;][\/vc_column_inner][vc_column_inner width=\u00a0\u00bb1\/4&Prime;][vc_single_image image=\u00a0\u00bb7542&Prime; img_size=\u00a0\u00bb300&Prime; alignment=\u00a0\u00bbcenter\u00a0\u00bb][\/vc_column_inner][vc_column_inner width=\u00a0\u00bb1\/4&Prime;][vc_single_image image=\u00a0\u00bb7541&Prime; img_size=\u00a0\u00bb300&Prime;][\/vc_column_inner][vc_column_inner width=\u00a0\u00bb1\/4&Prime;][vc_single_image image=\u00a0\u00bb7539&Prime; img_size=\u00a0\u00bb300&Prime;][\/vc_column_inner][\/vc_row_inner][vc_empty_space height=\u00a0\u00bb90px\u00a0\u00bb][\/vc_column][\/vc_row][vc_row][vc_column][vc_column_text]\n<h2><span style=\"color: #333333;font-size: 1rem\">[\/vc_column_text][\/vc_column][\/vc_row][vc_row el_class=\u00a0\u00bbhide_on_mobile\u00a0\u00bb][vc_column width=\u00a0\u00bb1\/2&Prime; css=\u00a0\u00bb.vc_custom_1561477036635{background-image: url(https:\/\/www.viving.fr\/lorient\/wp-content\/uploads\/sites\/6\/2019\/06\/2018-10-18-Viving-Lyon-GL-EVENTS-WEB-014.jpg?id=4245) !important;}\u00a0\u00bb]<div class=\"container-17739113255d0a062c4005ad09fd7336d70 ss-element gusta-container gusta-absolute-middle-center gusta-cover-column box_shadow hide_on_mobile\">[vc_column_text]<strong><span style=\"font-size: 36px\">Professionnels de l&rsquo;habitat ?<\/span><\/strong><br \/>\n<span style=\"font-size: 36px\">Participez sans plus attendre !<\/span>[\/vc_column_text][vc_empty_space height=\u00a0\u00bb75px\u00a0\u00bb][vc_btn title=\u00a0\u00bbExposez sur Viving !\u00a0\u00bb style=\u00a0\u00bbclassic\u00a0\u00bb align=\u00a0\u00bbcenter\u00a0\u00bb button_block=\u00a0\u00bbtrue\u00a0\u00bb link=\u00a0\u00bburl:%2Florient%2Fexposer%2F|||\u00a0\u00bb]<\/div>[vc_empty_space height=\u00a0\u00bb550px\u00a0\u00bb el_class=\u00a0\u00bbhide_on_mobile\u00a0\u00bb][\/vc_column][\/vc_row][vc_row full_width=\u00a0\u00bbstretch_row_content_no_spaces\u00a0\u00bb el_class=\u00a0\u00bbon_mobile_only\u00a0\u00bb][vc_column width=\u00a0\u00bb1\/2&Prime; css=\u00a0\u00bb.vc_custom_1561477319807{background-image: url(https:\/\/www.viving.fr\/lorient\/wp-content\/uploads\/sites\/6\/2019\/06\/bench-chair-comfort-1166406mob.jpg?id=4260) !important;}\u00a0\u00bb]<div class=\"container-12068573525d09fd98c8876d09fd7336d70 ss-element gusta-container gusta-absolute-middle-center gusta-cover-column box_shadow on_mobile_only\">[vc_column_text el_class=\u00a0\u00bbbloc_dark\u00a0\u00bb]<span style=\"font-size: 20px\"><strong>Visiteurs ?<br \/>\n<\/strong>Participez sans plus attendre !<\/span>[\/vc_column_text][vc_empty_space height=\u00a0\u00bb35px\u00a0\u00bb][vc_btn title=\u00a0\u00bbVisitez le salon\u00a0\u00bb style=\u00a0\u00bbclassic\u00a0\u00bb align=\u00a0\u00bbcenter\u00a0\u00bb button_block=\u00a0\u00bbtrue\u00a0\u00bb link=\u00a0\u00bburl:https%3A%2F%2Fyurplan.com%2Fevent%2FSalon-Habitat-Immo-VIVING-de-Lorient-2020%2F50971|title:BIlletterie|target:%20_blank|\u00a0\u00bb el_class=\u00a0\u00bbbouton3&Prime;]<\/div>[vc_empty_space height=\u00a0\u00bb350px\u00a0\u00bb el_class=\u00a0\u00bbon_mobile_only\u00a0\u00bb][\/vc_column][vc_column width=\u00a0\u00bb1\/2&Prime; css=\u00a0\u00bb.vc_custom_1561477330736{background-image: url(https:\/\/www.viving.fr\/lorient\/wp-content\/uploads\/sites\/6\/2019\/06\/2018-10-18-Viving-Lyon-GL-EVENTS-WEB-014mob.jpg?id=4258) !important;}\u00a0\u00bb]<div class=\"container-9920186625d09fd7336d70 ss-element gusta-container gusta-absolute-middle-center gusta-cover-column box_shadow on_mobile_only\">[vc_column_text]<span style=\"font-size: 20px\"><strong>Professionnels de l&rsquo;habitat ?<\/strong><\/span><br \/>\n<span style=\"font-size: 20px\">Participez sans plus attendre !<\/span>[\/vc_column_text][vc_empty_space height=\u00a0\u00bb35px\u00a0\u00bb][vc_btn title=\u00a0\u00bbExposez sur Viving !\u00a0\u00bb style=\u00a0\u00bbclassic\u00a0\u00bb align=\u00a0\u00bbcenter\u00a0\u00bb button_block=\u00a0\u00bbtrue\u00a0\u00bb link=\u00a0\u00bburl:%2Florient%2Fexposer%2F|||\u00a0\u00bb]<\/div>[vc_empty_space height=\u00a0\u00bb400px\u00a0\u00bb el_class=\u00a0\u00bbon_mobile_only\u00a0\u00bb][\/vc_column][\/vc_row]\n<\/section>","protected":false},"excerpt":{"rendered":"<p>[vc_row el_class=\u00a0\u00bbdesktop_padding_extra_large\u00a0\u00bb][vc_column][vc_empty_space height=\u00a0\u00bb90px\u00a0\u00bb][vc_row_inner equal_height=\u00a0\u00bbyes\u00a0\u00bb][vc_column_inner width=\u00a0\u00bb1\/4&Prime; css=\u00a0\u00bb.vc_custom_1562755849630{border-right-width: 2px !important;border-right-color: #276685 !important;border-right-style: solid !important;}\u00a0\u00bb][vc_single_image image=\u00a0\u00bb7807&Prime; img_size=\u00a0\u00bb400&Prime; alignment=\u00a0\u00bbright\u00a0\u00bb][vc_empty_space height=\u00a0\u00bb10px\u00a0\u00bb][\/vc_column_inner][vc_column_inner width=\u00a0\u00bb3\/4&Prime; offset=\u00a0\u00bbvc_col-xs-12&Prime; css=\u00a0\u00bb.vc_custom_1560937452421{padding-left: 25px !important;}\u00a0\u00bb][vc_column_text] Lucie Guellec [\/vc_column_text][vc_empty_space height=\u00a0\u00bb20px\u00a0\u00bb][vc_column_text]Architecte d&rsquo;int\u00e9rieur\u00a0 Anim\u00e9e par un profond go\u00fbt des mati\u00e8res et mat\u00e9riaux de qualit\u00e9, un sens aiguis\u00e9 de l\u2019optimisation de l\u2019espace, une qu\u00eate incessante de nouvelles solutions, l\u2019architecture d\u2019int\u00e9rieur s\u2019est impos\u00e9e \u00e0 &hellip; <\/p>\n<p class=\"link-more\"><a href=\"https:\/\/www.viving.fr\/lorient\/animations\/profil-lucie-guellec\/\" class=\"more-link\">Continuer la lecture<span class=\"screen-reader-text\"> de &laquo;&nbsp;Profil Lucie Guellec&nbsp;&raquo;<\/span><\/a><\/p>\n","protected":false},"author":14,"featured_media":0,"parent":3651,"menu_order":0,"comment_status":"closed","ping_status":"closed","template":"","meta":[],"yoast_head":"<!-- This site is optimized with the Yoast SEO plugin v19.13 - https:\/\/yoast.com\/wordpress\/plugins\/seo\/ -->\n<title>Profil Lucie Guellec - Viving Lorient<\/title>\n<meta name=\"robots\" content=\"index, follow, max-snippet:-1, max-image-preview:large, max-video-preview:-1\" \/>\n<link rel=\"canonical\" href=\"https:\/\/www.viving.fr\/lorient\/animations\/profil-lucie-guellec\/\" \/>\n<meta property=\"og:locale\" content=\"fr_FR\" \/>\n<meta property=\"og:type\" content=\"article\" \/>\n<meta property=\"og:title\" content=\"Profil Lucie Guellec - Viving Lorient\" \/>\n<meta property=\"og:description\" content=\"[vc_row el_class=\u00a0\u00bbdesktop_padding_extra_large\u00a0\u00bb][vc_column][vc_empty_space height=\u00a0\u00bb90px\u00a0\u00bb][vc_row_inner equal_height=\u00a0\u00bbyes\u00a0\u00bb][vc_column_inner width=\u00a0\u00bb1\/4&Prime; css=\u00a0\u00bb.vc_custom_1562755849630{border-right-width: 2px !important;border-right-color: #276685 !important;border-right-style: solid !important;}\u00a0\u00bb][vc_single_image image=\u00a0\u00bb7807&Prime; img_size=\u00a0\u00bb400&Prime; alignment=\u00a0\u00bbright\u00a0\u00bb][vc_empty_space height=\u00a0\u00bb10px\u00a0\u00bb][\/vc_column_inner][vc_column_inner width=\u00a0\u00bb3\/4&Prime; offset=\u00a0\u00bbvc_col-xs-12&Prime; css=\u00a0\u00bb.vc_custom_1560937452421{padding-left: 25px !important;}\u00a0\u00bb][vc_column_text] Lucie Guellec [\/vc_column_text][vc_empty_space height=\u00a0\u00bb20px\u00a0\u00bb][vc_column_text]Architecte d&rsquo;int\u00e9rieur\u00a0 Anim\u00e9e par un profond go\u00fbt des mati\u00e8res et mat\u00e9riaux de qualit\u00e9, un sens aiguis\u00e9 de l\u2019optimisation de l\u2019espace, une qu\u00eate incessante de nouvelles solutions, l\u2019architecture d\u2019int\u00e9rieur s\u2019est impos\u00e9e \u00e0 &hellip; Continuer la lecture de &laquo;&nbsp;Profil Lucie Guellec&nbsp;&raquo;\" \/>\n<meta property=\"og:url\" content=\"https:\/\/www.viving.fr\/lorient\/animations\/profil-lucie-guellec\/\" \/>\n<meta property=\"og:site_name\" content=\"Viving Lorient\" \/>\n<meta property=\"article:modified_time\" content=\"2025-04-29T12:05:42+00:00\" \/>\n<meta name=\"twitter:card\" content=\"summary_large_image\" \/>\n<meta name=\"twitter:label1\" content=\"Dur\u00e9e de lecture estim\u00e9e\" \/>\n\t<meta name=\"twitter:data1\" content=\"3 minutes\" \/>\n<script type=\"application\/ld+json\" class=\"yoast-schema-graph\">{\"@context\":\"https:\/\/schema.org\",\"@graph\":[{\"@type\":\"WebPage\",\"@id\":\"https:\/\/www.viving.fr\/lorient\/animations\/profil-lucie-guellec\/\",\"url\":\"https:\/\/www.viving.fr\/lorient\/animations\/profil-lucie-guellec\/\",\"name\":\"Profil Lucie Guellec - Viving Lorient\",\"isPartOf\":{\"@id\":\"https:\/\/www.viving.fr\/lorient\/#website\"},\"datePublished\":\"2024-01-29T08:36:06+00:00\",\"dateModified\":\"2025-04-29T12:05:42+00:00\",\"breadcrumb\":{\"@id\":\"https:\/\/www.viving.fr\/lorient\/animations\/profil-lucie-guellec\/#breadcrumb\"},\"inLanguage\":\"fr-FR\",\"potentialAction\":[{\"@type\":\"ReadAction\",\"target\":[\"https:\/\/www.viving.fr\/lorient\/animations\/profil-lucie-guellec\/\"]}]},{\"@type\":\"BreadcrumbList\",\"@id\":\"https:\/\/www.viving.fr\/lorient\/animations\/profil-lucie-guellec\/#breadcrumb\",\"itemListElement\":[{\"@type\":\"ListItem\",\"position\":1,\"name\":\"Espaces VIVING\",\"item\":\"https:\/\/www.viving.fr\/lorient\/animations\/\"},{\"@type\":\"ListItem\",\"position\":2,\"name\":\"Profil Lucie Guellec\"}]},{\"@type\":\"WebSite\",\"@id\":\"https:\/\/www.viving.fr\/lorient\/#website\",\"url\":\"https:\/\/www.viving.fr\/lorient\/\",\"name\":\"Viving Lorient\",\"description\":\"S&#039;inspirer, Concr\u00e9tiser\",\"potentialAction\":[{\"@type\":\"SearchAction\",\"target\":{\"@type\":\"EntryPoint\",\"urlTemplate\":\"https:\/\/www.viving.fr\/lorient\/?s={search_term_string}\"},\"query-input\":\"required name=search_term_string\"}],\"inLanguage\":\"fr-FR\"}]}<\/script>\n<!-- \/ Yoast SEO plugin. -->","yoast_head_json":{"title":"Profil Lucie Guellec - Viving Lorient","robots":{"index":"index","follow":"follow","max-snippet":"max-snippet:-1","max-image-preview":"max-image-preview:large","max-video-preview":"max-video-preview:-1"},"canonical":"https:\/\/www.viving.fr\/lorient\/animations\/profil-lucie-guellec\/","og_locale":"fr_FR","og_type":"article","og_title":"Profil Lucie Guellec - Viving Lorient","og_description":"[vc_row el_class=\u00a0\u00bbdesktop_padding_extra_large\u00a0\u00bb][vc_column][vc_empty_space height=\u00a0\u00bb90px\u00a0\u00bb][vc_row_inner equal_height=\u00a0\u00bbyes\u00a0\u00bb][vc_column_inner width=\u00a0\u00bb1\/4&Prime; css=\u00a0\u00bb.vc_custom_1562755849630{border-right-width: 2px !important;border-right-color: #276685 !important;border-right-style: solid !important;}\u00a0\u00bb][vc_single_image image=\u00a0\u00bb7807&Prime; img_size=\u00a0\u00bb400&Prime; alignment=\u00a0\u00bbright\u00a0\u00bb][vc_empty_space height=\u00a0\u00bb10px\u00a0\u00bb][\/vc_column_inner][vc_column_inner width=\u00a0\u00bb3\/4&Prime; offset=\u00a0\u00bbvc_col-xs-12&Prime; css=\u00a0\u00bb.vc_custom_1560937452421{padding-left: 25px !important;}\u00a0\u00bb][vc_column_text] Lucie Guellec [\/vc_column_text][vc_empty_space height=\u00a0\u00bb20px\u00a0\u00bb][vc_column_text]Architecte d&rsquo;int\u00e9rieur\u00a0 Anim\u00e9e par un profond go\u00fbt des mati\u00e8res et mat\u00e9riaux de qualit\u00e9, un sens aiguis\u00e9 de l\u2019optimisation de l\u2019espace, une qu\u00eate incessante de nouvelles solutions, l\u2019architecture d\u2019int\u00e9rieur s\u2019est impos\u00e9e \u00e0 &hellip; Continuer la lecture de &laquo;&nbsp;Profil Lucie Guellec&nbsp;&raquo;","og_url":"https:\/\/www.viving.fr\/lorient\/animations\/profil-lucie-guellec\/","og_site_name":"Viving Lorient","article_modified_time":"2025-04-29T12:05:42+00:00","twitter_card":"summary_large_image","twitter_misc":{"Dur\u00e9e de lecture estim\u00e9e":"3 minutes"},"schema":{"@context":"https:\/\/schema.org","@graph":[{"@type":"WebPage","@id":"https:\/\/www.viving.fr\/lorient\/animations\/profil-lucie-guellec\/","url":"https:\/\/www.viving.fr\/lorient\/animations\/profil-lucie-guellec\/","name":"Profil Lucie Guellec - Viving Lorient","isPartOf":{"@id":"https:\/\/www.viving.fr\/lorient\/#website"},"datePublished":"2024-01-29T08:36:06+00:00","dateModified":"2025-04-29T12:05:42+00:00","breadcrumb":{"@id":"https:\/\/www.viving.fr\/lorient\/animations\/profil-lucie-guellec\/#breadcrumb"},"inLanguage":"fr-FR","potentialAction":[{"@type":"ReadAction","target":["https:\/\/www.viving.fr\/lorient\/animations\/profil-lucie-guellec\/"]}]},{"@type":"BreadcrumbList","@id":"https:\/\/www.viving.fr\/lorient\/animations\/profil-lucie-guellec\/#breadcrumb","itemListElement":[{"@type":"ListItem","position":1,"name":"Espaces VIVING","item":"https:\/\/www.viving.fr\/lorient\/animations\/"},{"@type":"ListItem","position":2,"name":"Profil Lucie Guellec"}]},{"@type":"WebSite","@id":"https:\/\/www.viving.fr\/lorient\/#website","url":"https:\/\/www.viving.fr\/lorient\/","name":"Viving Lorient","description":"S&#039;inspirer, Concr\u00e9tiser","potentialAction":[{"@type":"SearchAction","target":{"@type":"EntryPoint","urlTemplate":"https:\/\/www.viving.fr\/lorient\/?s={search_term_string}"},"query-input":"required name=search_term_string"}],"inLanguage":"fr-FR"}]}},"_links":{"self":[{"href":"https:\/\/www.viving.fr\/lorient\/wp-json\/wp\/v2\/pages\/6450"}],"collection":[{"href":"https:\/\/www.viving.fr\/lorient\/wp-json\/wp\/v2\/pages"}],"about":[{"href":"https:\/\/www.viving.fr\/lorient\/wp-json\/wp\/v2\/types\/page"}],"author":[{"embeddable":true,"href":"https:\/\/www.viving.fr\/lorient\/wp-json\/wp\/v2\/users\/14"}],"replies":[{"embeddable":true,"href":"https:\/\/www.viving.fr\/lorient\/wp-json\/wp\/v2\/comments?post=6450"}],"version-history":[{"count":7,"href":"https:\/\/www.viving.fr\/lorient\/wp-json\/wp\/v2\/pages\/6450\/revisions"}],"predecessor-version":[{"id":8123,"href":"https:\/\/www.viving.fr\/lorient\/wp-json\/wp\/v2\/pages\/6450\/revisions\/8123"}],"up":[{"embeddable":true,"href":"https:\/\/www.viving.fr\/lorient\/wp-json\/wp\/v2\/pages\/3651"}],"wp:attachment":[{"href":"https:\/\/www.viving.fr\/lorient\/wp-json\/wp\/v2\/media?parent=6450"}],"curies":[{"name":"wp","href":"https:\/\/api.w.org\/{rel}","templated":true}]}}